at is the remainder when 787576 is divided by 21?
13
Calculate the remainder when 9968219 is divided by 3322723.
50
Calculate the remainder when 469934 is divided by 278.
114
What is the remainder when 26705515 is divided by 13352749?
17
Calculate the remainder when 16623332 is divided by 1487.
159
Calculate the remainder when 200931 is divided by 2786.
339
Calculate the remainder when 461732 is divided by 57529.
1500
What is the remainder when 112693 is divided by 1360?
1173
What is the remainder when 12279238 is divided by 73?
54
What is the remainder when 626660 is divided by 2690?
2580
What is the remainder when 2288337 is divided by 1658?
297
What is the remainder when 39566 is divided by 3393?
2243
What is the remainder when 5938015 is divided by 347?
151
Calculate the remainder when 8674428 is divided by 963820.
48
Calculate the remainder when 224683 is divided by 8983.
108
What is the remainder when 1634432 is divided by 1021?
832
What is the remainder when 171105 is divided by 648?
33
Calculate the remainder when 366752 is divided by 3901.
58
Calculate the remainder when 1439591 is divided by 31990.
41
What is the remainder when 318725883 is divided by 98?
91
Calculate the remainder when 517303 is divided by 258509.
285
What is the remainder when 9919276 is divided by 2479819?
0
Calculate the remainder when 201064 is divided by 200646.
418
What is the remainder when 5862555 is divided by 1953996?
567
What is the remainder when 174794 is divided by 3127?
2809
Calculate the remainder when 392580 is divided by 49071.
12
What is the remainder when 26412140 is divided by 1320606?
20
What is the remainder when 2602619 is divided by 684?
683
What is the remainder when 199202 is divided by 98324?
2554
Calculate the remainder when 205517 is divided by 2593.
670
Calculate the remainder when 102544 is divided by 25308.
1312
What is the remainder when 619364 is divided by 2072?
1908
What is the remainder when 9874774 is divided by 987476?
14
Calculate the remainder when 293422 is divided by 26670.
52
What is the remainder when 823637383 is divided by 22?
19
What is the remainder when 41342 is divided by 3427?
218
Calculate the remainder when 3261283 is divided by 108700.
283
Calculate the remainder when 566932 is divided by 749.
688
What is the remainder when 71899 is divided by 2485?
2319
Calculate the remainder when 216549 is divided by 309.
249
What is the remainder when 67259822 is divided by 61?
2
What is the remainder when 10263015 is divided by 2065?
2030
Calculate the remainder when 25138717 is divided by 11.
10
What is the remainder when 115249 is divided by 115160?
89
Calculate the remainder when 14122 is divided by 14121.
1
Calculate the remainder when 4280388 is divided by 2140192.
4
Calculate the remainder when 22381347 is divided by 67.
64
Calculate the remainder when 102161 is divided by 101929.
232
What is the remainder when 2383 is divided by 2378?
5
What is the remainder when 5754309 is divided by 106?
99
What is the remainder when 33717 is divided by 8379?
201
Calculate the remainder when 290328 is divided by 193.
56
Calculate the remainder when 1416566 is divided by 177066.
38
What is the remainder when 4029727 is divided by 233?
225
Calculate the remainder when 86791337 is divided by 116.
21
Calculate the remainder when 10576061 is divided by 571.
570
Calculate the remainder when 126070307 is divided by 25214061.
2
Calculate the remainder when 37086 is divided by 2058.
42
What is the remainder when 1718066 is divided by 1178?
542
Calculate the remainder when 7810959 is divided by 861.
828
What is the remainder when 521705 is divided by 521679?
26
Calculate the remainder when 1933001 is divided by 322046.
725
Calculate the remainder when 2769538 is divided by 1384766.
6
What is the remainder when 1371124 is divided by 6715?
1264
What is the remainder when 4932355 is divided by 11?
10
Calculate the remainder when 1183084 is divided by 394141.
661
What is the remainder when 4021647 is divided by 1986?
1983
What is the remainder when 8859 is divided by 7512?
1347
Calculate the remainder when 255025 is divided by 127337.
351
What is the remainder when 321572252 is divided by 48?
44
Calculate the remainder when 14307 is divided by 1168.
291
Calculate the remainder when 33347 is divided by 33327.
20
Calculate the remainder when 50052 is divided by 12466.
188
What is the remainder when 292922318 is divided by 20?
18
Calculate the remainder when 154075 is divided by 457.
66
What is the remainder when 102878 is divided by 290?
218
What is the remainder when 96317 is divided by 6816?
893
Calculate the remainder when 11548911 is divided by 33.
0
Calculate the remainder when 288504 is divided by 96136.
96
Calculate the remainder when 2444441 is divided by 488884.
21
What is the remainder when 6121064 is divided by 7?
5
What is the remainder when 2219472 is divided by 86?
70
What is the remainder when 452785 is divided by 96?
49
Calculate the remainder when 1347399 is divided by 14971.
9
Calculate the remainder when 759830 is divided by 570.
20
What is the remainder when 383458 is divided by 20791?
9220
Calculate the remainder when 16911128 is divided by 436.
432
Calculate the remainder when 511751 is divided by 702.
695
Calculate the remainder when 91038 is divided by 3085.
1573
Calculate the remainder when 470380 is divided by 41705.
11625
What is the remainder when 9845482 is divided by 1760?
42
What is the remainder when 227942 is divided by 1702?
1576
What is the remainder when 172159 is divided by 7482?
73
Calculate the remainder when 37909604 is divided by 5125.
5104
Calculate the remainder when 214685 is divided by 3679.
1303
Calculate the remainder when 3173668 is divided by 53.
28
Calculate the remainder when 1403564 is divided by 1032.
44
What is the remainder when 504644 is divided by 244?
52
What is the remainder when 5619041 is divided by 71?
30
Calculate the remainder when 46671659 is divided by 536.
531
What is the remainder when 19874 is divided by 1310?
224
What is the remainder when 3914456 is divided by 9?
5
Calculate the remainder when 4643350 is divided by 165.
85
What is the remainder when 8499 is divided by 2831?
6
Calculate the remainder when 691901 is divided by 814.
1
What is the remainder when 529144 is divided by 312?
304
Calculate the remainder when 345457 is divided by 9159.
6574
What is the remainder when 122885 is divided by 28826?
7581
What is the remainder when 810778 is divided by 202693?
6
Calculate the remainder when 7704 is divided by 34.
20
What is the remainder when 56803778 is divided by 1901?
1898
What is the remainder when 94982 is divided by 537?
470
What is the remainder when 28039642 is divided by 1121585?
17
Calculate the remainder when 4218422 is divided by 2768.
2758
What is the remainder when 102713 is divided by 577?
7
What is the remainder when 51128437 is divided by 17042788?
73
Calculate the remainder when 78275 is divided by 559.
15
What is the remainder when 22558300 is divided by 138?
130
What is the remainder when 44179381 is divided by 24?
13
What is the remainder when 121409 is divided by 2611?
1303
What is the remainder when 156922 is divided by 473?
359
What is the remainder when 32099571 is divided by 1299?
1281
Calculate the remainder when 260438 is divided by 10413.
113
What is the remainder when 32677893 is divided by 23714?
1
Calculate the remainder when 4766217 is divided by 595715.
497
What is the remainder when 6255994 is divided by 30?
4
Calculate the remainder when 2527171 is divided by 2859.
2674
Calculate the remainder when 453109677 is divided by 60.
57
What is the remainder when 658699 is divided by 6214?
15
Calculate the remainder when 2414173 is divided by 8747.
1
Calculate the remainder when 3632 is divided by 1368.
896
Calculate the remainder when 11529137 is divided by 70.
67
What is the remainder when 736574 is divided by 218?
170
What is the remainder when 181956 is divided by 36339?
261
Calculate the remainder when 16568696 is divided by 47.
21
Calculate the remainder when 17395093 is divided by 502.
291
Calculate the remainder when 24251421 is divided by 790.
1
What is the remainder when 11394003 is divided by 88?
27
What is the remainder when 542927